16?
12
Suppose 24 = 2*a - a. Calculate the remainder when a is divided by 7.
3
Suppose v - 44 = -3*v. What is the remainder when 41 is divided by v?
8
Let o(s) = 2*s**2 + 4*s + 3. Let r be o(-2). Let x(w) = w**3 - 4*w**2 + w - 2. Calculate the remainder when (2/r)/((-4)/(-30)) is divided by x(4).
1
Let g(j) = -j**3 + 7*j**2 + 5*j - 6. Let z be g(6). Let b = z + -22. What is the remainder when b is divided by (6/4)/(12/80)?
8
Suppose 3*f + 6*b = 3*b + 9, 0 = f - 2*b. Calculate the remainder when 33 is divided by -1*(0 + -10) + f.
9
Let d = 8 - 4. Calculate the remainder when 5 + 1 + -1 + 1 is divided by d.
2
Suppose -27 = -m - b - 10, 0 = b - 5. Calculate the remainder when 35 is divided by m.
11
Let o be 1 + -15 + -2 + 3. Let g = -7 - o. What is the remainder when g/8 - 45/(-4) is divided by 7?
5
Suppose 2 + 1 = w. Suppose 0 = w*d - 8*d + 40. What is the remainder when 22 is divided by d?
6
Let v(y) = y**2 - y + 8. Suppose 3*f + f - 264 = 0. Suppose 4*s - f = s. What is the remainder when s is divided by v(0)?
6
Let b(n) = 19*n - 14. Calculate the remainder when b(5) is divided by 14.
11
Let d be 4/10 - (-48)/5. Let i = d - -18. Suppose i = 3*l + 10. Calculate the remainder when 17 is divided by l.
5
Let g be 7 + -6*3/6. Suppose 0*q - g*q + 13 = -5*i, -q + 22 = 5*i. What is the remainder when 18 is divided by q?
4
Let s be -790*1*3/(-6). Suppose 0 = -5*i - 0*i + s. What is the remainder when i is divided by 20?
19
Suppose -2*k - 20 = -6*k. Suppose -l = -3*v + 20, -4*l = -k*v + 13 + 25. Let n(i) = i + 5. Calculate the remainder when n(v) is divided by 6.
5
Calculate the remainder when ((-1)/2)/(1/(-86)) is divided by 11.
10
Suppose 3*u = -6, 2*u + 93 + 19 = 4*h. Suppose -45 = -7*f + 312. Calculate the remainder when f is divided by h.
24
Let y = 0 + 1. Let h be (48/(-2))/(-2) + y. Suppose -a + h = b, 4*a + 16 = 5*b - 4. What is the remainder when 22 is divided by b?
6
Let q = 40 + -1. Calculate the remainder when q is divided by 6.
3
Let x(o) be the first derivative of o**3 - 3*o**2/2 - 4*o + 4. Calculate the remainder when x(-5) is divided by 22.
20
Suppose 2*b + 0*b - 34 = 0. Calculate the remainder when b is divided by (-3)/(10/(-4) + 2).
5
Suppose -90 = -2*j - 3*j. Let y(q) = q**2 + 2*q + 4. Let x be 4/((-8)/(-12) - 0). Calculate the remainder when y(x) is divided by j.
16
Let r be 26 + (-1 - -1)/1. Calculate the remainder when r/(-4)*(-2 - 0) is divided by (1 + (-2)/1)*-5.
3
Let b(c) = 3*c**2 + 2*c + 2. What is the remainder when 27 is divided by b(-2)?
7
Let m(v) = -4*v**2 + 7*v - 2. Let n be m(6). Calculate the remainder when 75 is divided by ((-2)/(-4))/((-2)/n).
23
Suppose 0 = -0*q - 5*q - 4*g + 174, 2*g + 122 = 3*q. What is the remainder when q is divided by 12?
2
Let m(k) = -k**3 - 13*k**2 - 2*k - 12. What is the remainder when 41 is divided by m(-13)?
13
Suppose -2*q + 3 = -1. Calculate the remainder when (2/4)/(4/144) is divided by (8 + q)*(-3)/(-3).
8
Suppose -2 + 28 = 2*o. What is the remainder when 36 is divided by o?
10
Let g = 14 - -1. Calculate the remainder when 43 is divided by g.
13
Suppose -40*z + 235 = -35*z. What is the remainder when 138 is divided by z?
44
Let b = -44 + 60. Calculate the remainder when 50 is divided by b.
2
What is the remainder when 17 is divided by (-8)/(-10)*(-45)/(-6)?
5
Suppose 3*n = 175 - 1. What is the remainder when n is divided by 15?
13
Let a(l) = 2*l - 11. Let d be (2/4)/(2/16). Suppose 100 + d = 4*j. What is the remainder when j is divided by a(10)?
8
Let w = -7 - -21. Let h = w - 10. Suppose 2*g + 5*n - 50 = 0, -g + n + 7 = -h. Calculate the remainder when g is divided by 8.
7
Suppose -6*u + 3*q + 120 = -2*u, -4*u - q + 136 = 0. Suppose 3*m = 2*m + 3*t + u, t + 88 = 4*m. Calculate the remainder when m is divided by 6.
3
Let w = 64 + -38. What is the remainder when w is divided by 14?
12
Let a(r) = r**3 - 2*r**2 + 4*r - 2. Suppose 2*z - 34 = -0*z. Calculate the remainder when z is divided by a(2).
5
Suppose 7*v = 6*v. Suppose -4*j + 106 = -v*j - 2*m, 5*m - 99 = -4*j. What is the remainder when j is divided by 7?
5
Let g(a) be the second derivative of -a**5/20 - 2*a**4/3 + 4*a**3/3 - 3*a**2 + 2*a. Let j be g(-9). What is the remainder when 20 is divided by -22*1/(-6)*j?
9
Let p(m) = 19*m**2. Let v be -57*(2 + (-3 - -2)). Calculate the remainder when (-6)/(-2) + -4 - v is divided by p(1).
18
Suppose 3*n + 222 = 6*n. Calculate the remainder when n is divided by 19.
17
Suppose -j = 4*j - 25. Let h = 84 - 80. Calculate the remainder when j is divided by h.
1
Let t(a) = -4*a**2 + 1. Let r be t(1). Calculate the remainder when 3*138/(-27)*r is divided by 24.
22
Suppose -5*g + 215 = -v, v - 6*v + 172 = 4*g. What is the remainder when g is divided by 25?
18
Let m(r) = 2*r**2 - 5*r - 12. Calculate the remainder when 22 is divided by m(5).
9
Suppose 0*v = 2*o + v - 18, 50 = 5*o + 5*v. Calculate the remainder when 35 is divided by o - 7 - -1*8.
8
Let z(p) = 2*p**2 + 6*p - 7. Let d(g) = -g**2 - 13*g - 5. What is the remainder when d(-7) is divided by z(2)?
11
Suppose -5*f - q = -0*q - 19, 13 = 3*f + q. Suppose -42 = -5*i + f. Let v(d) = d**2 - 6*d + 10. What is the remainder when v(8) is divided by i?
8
Let q = 29 - -5. Calculate the remainder when 99 is divided by q.
31
Let x(a) = a**3 + 6*a**2 - a - 5. Let s(p) = -p**2 - 8*p - 5. Let b be s(-8). What is the remainder when 48 is divided by x(b)?
23
Let j be -2 - -17*1 - 0. Let k be (-4)/(-10) - 6/j. Suppose 0 = -5*c - 0*b + 2*b + 39, k = 3*c + 5*b - 42. What is the remainder when 26 is divided by c?
8
Suppose 3*x - 243 = -2*m, -3*x + 3*m + 52 = -176. Suppose x + 9 = 4*v. Let z = v + -4. What is the remainder when 34 is divided by z?
16
Suppose 4*h - 40 = -4*p, p + 0*p = 4*h - 55. Suppose -k = -3*k + 16. Let w = h - k. Calculate the remainder when w is divided by 3.
2
Suppose -12 = 4*o - 7*o - 3*f, 0 = -3*o - 4*f + 17. Let r = o + -2. Let i(j) = 2*j**2 - j + 2. Calculate the remainder when i(r) is divided by 8.
7
Let l = 2 - 1. Let y = 36 + -23. What is the remainder when y is divided by l/((-2)/(-18)) + -2?
6
Let h(w) = -3*w**3 - 2*w**2 - w. Suppose -2*z = -5*s - 6 + 3, -s - 2*z = -9. Let m = -2 + s. Calculate the remainder when 3 is divided by h(m).
1
Suppose 184 = -0*q + 4*q. Let d = q + -31. What is the remainder when 43 is divided by d?
13
Let p be (2 + -2)/(-1 + 2). Let a(r) = 7*r**2 + r + 2. What is the remainder when a(2) is divided by (p + 1)/((-2)/(-22))?
10
Suppose g + 93 = b + 2*b, 0 = -4*g. Calculate the remainder when b is divided by 8.
7
Let o = 40 + -31. Calculate the remainder when 35 is divided by o.
8
Suppose -115 = -6*f + f. Let x = f + -6. Calculate the remainder when x is divided by 6.
5
Let k(n) = 7*n + 4 - 1 - 5. What is the remainder when k(4) is divided by 14?
12
Let s be 2/(-8) + 19/(-4). Let b be (3 + s - 14) + 1. What is the remainder when ((-1)/3)/(1/b) is divided by 2?
1
Suppose 14 = 9*j - 67. Calculate the remainder when j is divided by 2.
1
Let c = -5 - -22. Suppose 3*p - 132 = p. Calculate the remainder when p is divided by c.
15
Let d be 2 + 4 + -1*2. Let j(z) = z**2 + 13*z - 16. Let f be j(-13). Calculate the remainder when ((-328)/f)/(2/d) is divided by 14.
13
Let g(y) = y**3 + 10*y**2 + 4*y + 2. Calculate the remainder when g(-9) is divided by 24.
23
Suppose 0 = -r - 4*p + 48, 2*r - 72 = 2*p - 4*p. Calculate the remainder when r is divided by 11.
10
What is the remainder when 17 is divided by 11 + 3/(-5 + 2)?
7
Suppose 4*m = 60 + 8. What is the remainder when 45 is divided by m?
11
What is the remainder when 1148/24 + 2/12 is divided by 13?
9
Suppose 2*r + 3*o + 85 - 291 = 0, 3*r - 3*o = 309. Suppose 280 = -5*f + 2*q, 0*f + q = -2*f - r. What is the remainder when ((-3)/2)/(3/f) is divided by 15?
12
Let y(z) = -z**2 + 7*z - 4. Let r be (6 - 1) + (-3 - -1). Calculate the remainder when 22 is divided by y(r).
6
Suppose j + 47 = t, 3*t + 2*j = -j + 147. Calculate the remainder when t is divided by 13.
9
Suppose 0 = -115*j + 114*j + 23. What is the remainder when 63 is divided by j?
17
Let y(t) = -5*t - 5. Suppose -4*b - 12 - 4 = 0. What is the remainder when 43 is divided by y(b)?
13
Suppose 3*p = 2*v - p - 96, v = 4*p + 52. What is the remainder when v is divided by 28?
16
Let h be ((-476)/(-4))/((-2)/2). Let q 